e n + 4 = -3*n. Suppose -40 = 4*t - 7*t + 4*h, -4*t - 5*h + 105 = 0. What are the prime factors of (-15 + n)*(-45)/t?
2, 3
Let m(x) = -1328*x - 295. List the prime factors of m(-26).
3, 11411
Suppose 15 = 5*o - 25. Suppose -8 = 6*w - o*w. Suppose 0 = 4*a - 4*f - 72, 0*a - 3*a = -w*f - 53. List the prime factors of a.
19
Suppose 0 = -18*i - 36419 - 22423. Let z = 4982 + i. List the prime factors of z.
3, 571
What are the prime factors of -23*(99/9 - 278)?
3, 23, 89
Let y(x) be the second derivative of x**5/20 - 4*x**4/3 + x**3/3 - 5*x**2/2 - 6*x. Let w be y(16). Let t = w - 15. List the prime factors of t.
2, 3
Let q(y) = 378*y - 4212. What are the prime factors of q(21)?
2, 3, 23
Let l = -939 - -551. Let v = 98 - l. What are the prime factors of v?
2, 3
Let t(m) = 12*m + 197. Let h be t(-15). Let f(d) = 2*d**3 - 30*d**2 + 9*d + 26. List the prime factors of f(h).
3, 5, 89
List the prime factors of 0 + 2707101/90 + -8 - (-2)/20.
30071
Suppose 12*x - 225378 = 2*r, x + 0*x - 18791 = -3*r. List the prime factors of x.
2, 9391
Let q = 1650 - 1612. What are the prime factors of q?
2, 19
Suppose -2*v - 3*v = -0*v. Let o(n) = 3*n + 358. List the prime factors of o(v).
2, 179
Suppose 0 = 53643*s - 53636*s - 19124. What are the prime factors of s?
2, 683
Suppose 4633 = -s + 5*d + 14444, -4*s + 39282 = -d. What are the prime factors of s?
7, 23, 61
Let c(m) be the third derivative of -m**4/4 - m**3/6 - 172*m**2 + 4*m. Let y = 2 - 8. List the prime factors of c(y).
5, 7
Suppose 4*q = -2*q + 108. Suppose 3*c = 4*i + q, -5*i = 3 + 12. List the prime factors of c/10*-1 + (-3186)/(-30).
2, 53
Suppose 9*w - 33 = -15. Suppose 5*l = w*l - 2*n + 1274, 0 = -2*l - n + 851. What are the prime factors of l?
2, 107
Let w be 5 + -2*(-6)/(-6). Suppose -4*o + o + 765 = 5*j, 475 = w*j + 5*o. List the prime factors of j.
2, 3, 5
Suppose -16 = -4*f, -5*f - 9 - 127 = 4*d. Let x = d - -40. List the prime factors of (4 - (-96)/(-15))/(x/(-15)).
2, 3
Let l be (129/(-2) + -3)*(-6)/(-1). List the prime factors of 2/(-3)*-1*l/(-5).
2, 3
Let i = 2496 + 1161. List the prime factors of i.
3, 23, 53
Let r be 24/10 + -2 + (-596)/(-10). Let n be ((-3)/9)/(-2 + 124/r). Let s = n + 143. List the prime factors of s.
2, 3, 23
Let q(r) = -2517*r + 132. What are the prime factors of q(-4)?
2, 3, 5, 17
Let n be 4/(-14) - (-3)/63*69. Suppose 1124 = 5*j - n*o, 7*o = 2*j - 0*j - 438. What are the prime factors of j?
2, 113
Let y(m) = -m**3 + 15*m**2 - 23*m - 20. Suppose 173 = 3*l - 247. Suppose l = 10*v + 20. List the prime factors of y(v).
2, 17
Let x = -400 + -329. Let o = x + 1228. What are the prime factors of o?
499
What are the prime factors of (-1)/(-2) + ((-2402994)/4)/(-23)?
2, 5, 653
Let w(r) = r + 8. Let i be w(-7). Let t(p) = -6*p + 5. Let c be t(i). What are the prime factors of 184 - 3*c/3?
5, 37
Let s = 12 + -12. Suppose s = -17*l + 75*l - 75342. What are the prime factors of l?
3, 433
Let f = 519 - 294. Let m = f - 109. Let l = m + -73. What are the prime factors of l?
43
Suppose -2*s - 24 = -4*l, 5 = 5*l - 2*s - 24. Suppose -l*d + 346 = -2*n - 34, -5*d = 4*n - 380. List the prime factors of d.
2, 19
Let u be (-2)/(-4)*(-111 - 7)*1. Let p = u + 757. What are the prime factors of p?
2, 349
Suppose -28*g - 9 = -25*g. Let b be (-3)/(g/878) - -2. Suppose 9*o - b = 4*o. What are the prime factors of o?
2, 11
Let i(a) = -2*a**3 + 2*a**2 - 4*a + 16. Let s be i(5). What are the prime factors of (-153)/s - 5290/(-8)?
2, 331
Let d(a) = 38*a**2 + 25*a + 9. Let v be d(-4). Suppose -3*h + 2464 = v. List the prime factors of h.
11, 59
Suppose 8*n = 28*n - 260776 + 91116. List the prime factors of n.
17, 499
What are the prime factors of (-6)/(-16)*(-88)/132 + 165723/12?
2, 5, 1381
Let u(y) = 12 + 73*y - 5 - 3. Let w be u(5). Suppose -5*s + w = -41. What are the prime factors of s?
2, 41
Let l(t) = -t**2 - 14*t - 6. Let s be l(-12). Suppose 3*j + w = j + 1, j = 3*w + s. Let q = 166 + j. List the prime factors of q.
13
Let s(t) = 13*t - 29. Let m be 2 - ((-18)/3 - -5 - 12). List the prime factors of s(m).
2, 83
Suppose -2*h + 73884 + 17968 = -i, 3*h - 137764 = -2*i. List the prime factors of h.
2, 3, 43, 89
Let s(i) = i**3 + 6*i**2 - 9*i - 10. Let n be s(-7). Suppose -n*j - 2012 = -2*c, -4*c - 2*j = -2449 - 1525. List the prime factors of c.
2, 3, 83
What are the prime factors of 0 + -1*(-1 - 165)*(-12210)/(-132)?
5, 37, 83
Suppose -2*z + 301365 = 10*z + 25*z. List the prime factors of z.
3, 5, 181
What are the prime factors of 6*(80/42 + -2 - (-3326814)/378)?
2, 3, 13, 677
Let j = 148 + -146. Let d(i) = -j - 146*i - 1 + 5. List the prime factors of d(-2).
2, 3, 7
What are the prime factors of 2 + 2387680/150 + 4/30*1?
2, 5, 199
Let f(o) = -2 + 9*o + 7*o**2 - 4*o - 2. Let w be ((-28)/35)/(3/15). What are the prime factors of f(w)?
2, 11
Let d(o) = 5*o + 39. Let u be d(-9). What are the prime factors of (-806)/u + (-4)/12?
2, 67
Let f(r) = r**2 - 2*r + 32*r - 33*r - 16. List the prime factors of f(-7).
2, 3
Let p(d) = 2425*d - 1544. List the prime factors of p(4).
2, 2039
Let x(s) = -935*s**3 + 3*s**2 + 558*s + 2240. List the prime factors of x(-4).
2, 7487
List the prime factors of 7905612/390 + (-1)/(-5) - (3 + -5).
11, 19, 97
Let d(r) be the third derivative of -r**5/60 - 5*r**4/24 - r**3/6 + 9*r**2. Let o be d(-6). What are the prime factors of 68 - o/(7/2)?
2, 5, 7
Let h(a) = 4828*a + 88. What are the prime factors of h(3)?
2, 3643
Suppose 0 = -3*d + 4*h + 5582, 0*d = 5*d + 5*h - 9280. List the prime factors of d.
2, 929
Let j(s) = 32*s**3 + 17*s**2 - 11*s - 16. Let l be j(6). Suppose 0 = 8*g + 410 - l. What are the prime factors of g?
3, 293
What are the prime factors of 4261140/198 + (-132)/(-121)?
2, 3, 17, 211
Let q be 7*(1 + (-6)/(-14)) - 5. Suppose 575 + 510 = q*y + 2*n, -2*y - 5*n + 455 = 0. What are the prime factors of y?
5, 43
Suppose -72 = -6*a + 84. Suppose 19*v - a*v + 2450 = 0. What are the prime factors of v?
2, 5, 7
Let a = 5283 + 7725. What are the prime factors of a?
2, 3, 271
Let i = -13563 + 26685. What are the prime factors of i?
2, 3
Let i(u) = 33*u + 19. Let z be i(-6). Let n = 15 - z. What are the prime factors of n?
2, 97
List the prime factors of (2 - 4347/6)*328/(-10).
2, 17, 41
Let y(r) = 2*r**3 + 14*r**2 - 46*r + 40. What are the prime factors of y(9)?
2, 1109
Let m(w) = -w**3 - 24*w**2 - w - 21. Let q be m(-24). Let y(i) = 25*i**3 + 4*i**2 - 11*i + 10. What are the prime factors of y(q)?
2, 43
Let c(f) = 13*f - 3. Let j be c(9). Let d = -1376 - -1391. What are the prime factors of ((-10)/d + 26/12)*j?
3, 19
Let h = 532 + -502. List the prime factors of 5 - 29/6 - (-5245)/h.
5, 7
Let q = -13419 + 31991. What are the prime factors of q?
2, 4643
Let y(m) = -m**3 + 6*m**2 + 2*m + 7. Suppose 8*f - 45 = 51. Suppose -3*r - f = -27. List the prime factors of y(r).
2, 3, 7
List the prime factors of ((-5)/20 - (-63)/60)*3530.
2, 353
List the prime factors of 17185*8/(6/(-4) + (-798)/(-84)).
5, 7, 491
Suppose 0 = 8*z - 27*z + 38. Suppose 3*v - 15 = 0, v = 5*o + z*v - 1560. List the prime factors of o.
311
Suppose -5*j - 22803 = -2*f, -165*j = 5*f - 168*j - 56998. List the prime factors of f.
11399
Suppose -12*s + 3*b = -9*s - 23865, -5*s - b + 39793 = 0. List the prime factors of s.
2, 23, 173
Let w = 14799 - 8025. List the prime factors of w.
2, 3, 1129
Let x(h) = 2*h - 12. Let v = 29 - 23. Let j be x(v). Suppose j = i + 2*i - 195. What are the prime factors of i?
5, 13
Let y = 21947 - 11628. List the prime factors of y.
17, 607
Let b be ((-6)/18)/(2/(-24)). Suppose 207 = 3*g + 3*v, 5*g + v - b*v - 377 = 0. List the prime factors of g.
73
Let p = -3075 + 4864. Suppose -5*i + 3585 = -l, 1079 + p = 4*i - 2*l. What are the prime factors of i?
3, 239
Let u(v) = -v**3 + 6*v**2 + 2*v + 8. Let g be u(8). Let p = g - -185. Suppose t + 2*t - p = -3*a, -2*t - 170 = -5*a. What are the prime factors of a?
2
Let u(c) = c**2 - 13*c + 7. Let o be u(-14). Let v = o - 336. What are the prime factors of v?
7
Let l(y) = -y**2 + y + 8. Let h be l(-3). What are the prime factors of ((-114588)/144)/(-2 + (-5)/h)?
1061
Let f = 3 - 0. Let i = 790 + -696. Suppose -4*c - x + 369 = 4*x, -c + i = f*x. List the prime factors of c.
7, 13
List the prime factors of 1/(-7) - ((-1590132)/7)/12.
2, 3, 